{"id":143,"date":"2019-11-15T09:48:37","date_gmt":"2019-11-15T08:48:37","guid":{"rendered":"http:\/\/localhost\/wordpress2p2\/?page_id=142"},"modified":"2021-06-04T13:55:30","modified_gmt":"2021-06-04T11:55:30","slug":"lhistoire-du-club","status":"publish","type":"page","link":"https:\/\/www.hbcvohand.fr\/index.php\/lhistoire-du-club\/","title":{"rendered":"L&rsquo;histoire du club"},"content":{"rendered":"<p><strong>L&rsquo;histoire du club<\/strong><\/p>\n<p>Le HandBall Club Val de l\u2019Ognon est une association loi 1901, \u00e0 but non lucratif, dont la vocation est le d\u00e9veloppement et la pratique du handball de comp\u00e9tition et de loisir, le tout dans un \u00e9tat d&rsquo;esprit de convivialit\u00e9 et de plaisir. C\u2019est avant tout, un club de proximit\u00e9.<br \/>\nCr\u00e9\u00e9 \u00e0 Devecey en 2000, il compte \u00e0 ce jour plus de 170 licenci\u00e9s (gar\u00e7ons et filles), en majorit\u00e9 \u00e2g\u00e9s de 7 \u00e0 18 ans, encadr\u00e9s techniquement par une vingtaine de passionn\u00e9s, tous exclusivement b\u00e9n\u00e9voles.<br \/>\nCes licenci\u00e9s \u00e9voluent dans douze \u00e9quipes diff\u00e9rentes, de l\u2019\u00e9cole<br \/>\nde handball \u00e0 l\u2019\u00e9quipe loisirs seniors.<\/p>\n<p><strong>Comment est n\u00e9 le club ?<\/strong><\/p>\n<p>Suite \u00e0 la construction du gymnase du coll\u00e8ge de Ch\u00e2tillon-le-Duc, les instances d\u00e9partementales du handball ont recens\u00e9, sur la commune de Devecey, des forces vives int\u00e9ress\u00e9es par la pratique et l\u2019encadrement<br \/>\ndu handball.<br \/>\nA l\u2019issue de plusieurs r\u00e9unions et avec l\u2019appui de la commune<br \/>\nde Devecey, il a \u00e9t\u00e9 d\u00e9cid\u00e9, avec une poign\u00e9e de b\u00e9n\u00e9voles, de<br \/>\ncr\u00e9er l\u2019association Handball Club du Val de L\u2019Ognon avec<br \/>\ncomme Pr\u00e9sident Henry TREAND.<br \/>\nPour la premi\u00e8re saison, 2 \u00e9quipes ont \u00e9t\u00e9 engag\u00e9es :<\/p>\n<p>&#8211; Une en \u00e9cole de hand mixte constitu\u00e9e d\u2019enfants<br \/>\nde b\u00e9n\u00e9voles<br \/>\n&#8211; Et une en seniors gar\u00e7ons constitu\u00e9e de jeunes<br \/>\net moins jeunes de Devecey,<br \/>\nSoit environ 20 adh\u00e9rents au total.<\/p>\n<p>Hand Ball Club du Val de l\u2019Ognon\u2026 Pourquoi ce nom ?<\/p>\n<p>Nous savions, qu\u2019\u00e0 terme, le club serait constitu\u00e9 de nombreux adh\u00e9rents venant des communes du Val de L\u2019Ognon, et non exclusivement de Devecey\u2026<\/p>\n<p>Apr\u00e8s 3 ans de fonctionnement, il a \u00e9t\u00e9 d\u00e9cid\u00e9 de d\u00e9velopper des fili\u00e8res gar\u00e7ons et filles. Ainsi, le projet club est donc lanc\u00e9\u2026<\/p>\n<p>Il s\u2019agit d\u2019alimenter notre \u00e9cole de hand mixte pour d\u00e9velopper et cr\u00e9er \u00e0 terme toutes les \u00e9quipes dans les 2 sexes.<\/p>\n<p>Ensuite, Henry TREAND a quitt\u00e9 la pr\u00e9sidence du Club au bout de 4 ann\u00e9es pour devenir Pr\u00e9sident du Comit\u00e9 du Doubs.<br \/>\nC&rsquo;est ensuite Patrick BARTHOD-MICHEL qui lui a succ\u00e9d\u00e9 durant 7 ann\u00e9es.<br \/>\nFabien SEMENTA a alors pris les fonctions de Pr\u00e9sident durant 2 ans<br \/>\npour laisser la place \u00e0 la premi\u00e8re Femme Pr\u00e9sidente : Aline VALLAT, \u00e9lue lors de l&rsquo;assembl\u00e9e g\u00e9n\u00e9rale de juin 2013.<br \/>\nEn 2017, Emmanuel GOMIS lui succ\u00e8de et pr\u00e9sidera le club jusqu\u2019en 2019.<br \/>\nEnfin, c\u2019est David BOLE DU CHOMONT qui dirige actuellement le HBCVO depuis 2 ans.<\/p>\n<p><strong>Quelle est la philosophie du club ?<\/strong><\/p>\n<p>Depuis 2000, le club souhaite r\u00e9ussir \u00e0 concilier formation, comp\u00e9tition tout en gardant un \u00ab\u00a0esprit club\u00a0\u00bb.<br \/>\nPour cela nous proposons une organisation d\u00e9veloppant plusieurs niveaux de pratique associ\u00e9s \u00e0 des animations.<br \/>\nNous ne cherchons pas \u00e0 \u00ab\u00a0fabriquer\u00a0\u00bb les champions de demain, mais \u00e0 inculquer aupr\u00e8s de nos licenci\u00e9s, les valeurs fortes de ce sport : l\u2019esprit d\u2019\u00e9quipe, le challenge ainsi que le respect des r\u00e8gles et des adversaires.<br \/>\nNous sommes affili\u00e9s \u00e0 la F\u00e9d\u00e9ration Fran\u00e7aise de Handball et organisons ou participons aux comp\u00e9titions mises en place dans le cadre de cette f\u00e9d\u00e9ration. Depuis plusieurs saisons le club est labellis\u00e9 par la f\u00e9d\u00e9ration fran\u00e7aise de handball pour son travail aupr\u00e8s des jeunes \u00e9quipes de moins de 12 ans.<\/p>\n","protected":false},"excerpt":{"rendered":"<p>L&rsquo;histoire du club Le HandBall Club Val de l\u2019Ognon est une association loi 1901, \u00e0 but non lucratif, dont la vocation est le d\u00e9veloppement et la pratique du handball de comp\u00e9tition et de loisir, le tout dans un \u00e9tat d&rsquo;esprit de convivialit\u00e9 et de plaisir. C\u2019est avant tout, un club de proximit\u00e9. Cr\u00e9\u00e9 \u00e0 Devecey [&hellip;]<\/p>\n","protected":false},"author":2,"featured_media":0,"parent":0,"menu_order":0,"comment_status":"closed","ping_status":"closed","template":"","meta":{"footnotes":""},"class_list":["post-143","page","type-page","status-publish","hentry"],"_links":{"self":[{"href":"https:\/\/www.hbcvohand.fr\/index.php\/wp-json\/wp\/v2\/pages\/143","targetHints":{"allow":["GET"]}}],"collection":[{"href":"https:\/\/www.hbcvohand.fr\/index.php\/wp-json\/wp\/v2\/pages"}],"about":[{"href":"https:\/\/www.hbcvohand.fr\/index.php\/wp-json\/wp\/v2\/types\/page"}],"author":[{"embeddable":true,"href":"https:\/\/www.hbcvohand.fr\/index.php\/wp-json\/wp\/v2\/users\/2"}],"replies":[{"embeddable":true,"href":"https:\/\/www.hbcvohand.fr\/index.php\/wp-json\/wp\/v2\/comments?post=143"}],"version-history":[{"count":4,"href":"https:\/\/www.hbcvohand.fr\/index.php\/wp-json\/wp\/v2\/pages\/143\/revisions"}],"predecessor-version":[{"id":887,"href":"https:\/\/www.hbcvohand.fr\/index.php\/wp-json\/wp\/v2\/pages\/143\/revisions\/887"}],"wp:attachment":[{"href":"https:\/\/www.hbcvohand.fr\/index.php\/wp-json\/wp\/v2\/media?parent=143"}],"curies":[{"name":"wp","href":"https:\/\/api.w.org\/{rel}","templated":true}]}}