{"id":44,"date":"2019-10-16T12:19:38","date_gmt":"2019-10-16T10:19:38","guid":{"rendered":"http:\/\/localhost\/wordpress2p2\/?page_id=44"},"modified":"2025-07-19T14:35:08","modified_gmt":"2025-07-19T12:35:08","slug":"ecole-de-hand","status":"publish","type":"page","link":"https:\/\/www.hbcvohand.fr\/index.php\/ecole-de-hand\/","title":{"rendered":"U9"},"content":{"rendered":"\n<div class=\"wp-block-group\"><div class=\"wp-block-group__inner-container is-layout-flow wp-block-group-is-layout-flow\">\n<p><strong>Ann\u00e9es de naissance <\/strong>: <br>2018 &#8211; 2017<\/p>\n\n\n\n<p><strong>Entra\u00eeneurs :<\/strong> <br>Linda Oudart ; Luc Delfils ; Antonin Jacot<\/p>\n\n\n\n<p><strong>Entra\u00eenements :<\/strong><br> <a href=\"https:\/\/www.hbcvohand.fr\/index.php\/planning-des-entrainements\/\" data-type=\"page\" data-id=\"2035\">Planning des entra\u00eenements 2025-2026<\/a><\/p>\n\n\n\n<figure class=\"wp-block-image size-full\"><img loading=\"lazy\" decoding=\"async\" width=\"678\" height=\"25\" src=\"https:\/\/www.hbcvohand.fr\/wp-content\/uploads\/2025\/07\/Contacts_HBCVO.png\" alt=\"\" class=\"wp-image-2160\" srcset=\"https:\/\/www.hbcvohand.fr\/wp-content\/uploads\/2025\/07\/Contacts_HBCVO.png 678w, https:\/\/www.hbcvohand.fr\/wp-content\/uploads\/2025\/07\/Contacts_HBCVO-300x11.png 300w\" sizes=\"auto, (max-width: 678px) 100vw, 678px\" \/><\/figure>\n<\/div><\/div>\n\n\n\n<div style=\"height:40px\" aria-hidden=\"true\" class=\"wp-block-spacer\"><\/div>\n\n\n\n<figure class=\"wp-block-image size-large\"><img loading=\"lazy\" decoding=\"async\" width=\"1024\" height=\"579\" src=\"https:\/\/www.hbcvohand.fr\/wp-content\/uploads\/2024\/09\/7a-1024x579.jpg\" alt=\"\" class=\"wp-image-1957\" srcset=\"https:\/\/www.hbcvohand.fr\/wp-content\/uploads\/2024\/09\/7a-1024x579.jpg 1024w, https:\/\/www.hbcvohand.fr\/wp-content\/uploads\/2024\/09\/7a-300x170.jpg 300w, https:\/\/www.hbcvohand.fr\/wp-content\/uploads\/2024\/09\/7a-768x434.jpg 768w, https:\/\/www.hbcvohand.fr\/wp-content\/uploads\/2024\/09\/7a.jpg 1185w\" sizes=\"auto, (max-width: 1024px) 100vw, 1024px\" \/><\/figure>\n\n\n\n<figure class=\"wp-block-image size-large\"><img loading=\"lazy\" decoding=\"async\" width=\"1024\" height=\"564\" src=\"https:\/\/www.hbcvohand.fr\/wp-content\/uploads\/2024\/09\/7b-1024x564.jpg\" alt=\"\" class=\"wp-image-1958\" srcset=\"https:\/\/www.hbcvohand.fr\/wp-content\/uploads\/2024\/09\/7b-1024x564.jpg 1024w, https:\/\/www.hbcvohand.fr\/wp-content\/uploads\/2024\/09\/7b-300x165.jpg 300w, https:\/\/www.hbcvohand.fr\/wp-content\/uploads\/2024\/09\/7b-768x423.jpg 768w, https:\/\/www.hbcvohand.fr\/wp-content\/uploads\/2024\/09\/7b.jpg 1189w\" sizes=\"auto, (max-width: 1024px) 100vw, 1024px\" \/><\/figure>\n\n\n\n<figure class=\"wp-block-image size-large\"><img loading=\"lazy\" decoding=\"async\" width=\"1024\" height=\"601\" src=\"https:\/\/www.hbcvohand.fr\/wp-content\/uploads\/2024\/09\/7c-1024x601.jpg\" alt=\"\" class=\"wp-image-1959\" srcset=\"https:\/\/www.hbcvohand.fr\/wp-content\/uploads\/2024\/09\/7c-1024x601.jpg 1024w, https:\/\/www.hbcvohand.fr\/wp-content\/uploads\/2024\/09\/7c-300x176.jpg 300w, https:\/\/www.hbcvohand.fr\/wp-content\/uploads\/2024\/09\/7c-768x451.jpg 768w, https:\/\/www.hbcvohand.fr\/wp-content\/uploads\/2024\/09\/7c.jpg 1118w\" sizes=\"auto, (max-width: 1024px) 100vw, 1024px\" \/><\/figure>\n\n\n\n<p><\/p>\n","protected":false},"excerpt":{"rendered":"<p>Ann\u00e9es de naissance : 2018 &#8211; 2017 Entra\u00eeneurs : Linda Oudart ; Luc Delfils ; Antonin Jacot Entra\u00eenements : Planning des entra\u00eenements 2025-2026<\/p>\n","protected":false},"author":2,"featured_media":0,"parent":0,"menu_order":0,"comment_status":"closed","ping_status":"closed","template":"","meta":{"footnotes":""},"class_list":["post-44","page","type-page","status-publish","hentry"],"_links":{"self":[{"href":"https:\/\/www.hbcvohand.fr\/index.php\/wp-json\/wp\/v2\/pages\/44","targetHints":{"allow":["GET"]}}],"collection":[{"href":"https:\/\/www.hbcvohand.fr\/index.php\/wp-json\/wp\/v2\/pages"}],"about":[{"href":"https:\/\/www.hbcvohand.fr\/index.php\/wp-json\/wp\/v2\/types\/page"}],"author":[{"embeddable":true,"href":"https:\/\/www.hbcvohand.fr\/index.php\/wp-json\/wp\/v2\/users\/2"}],"replies":[{"embeddable":true,"href":"https:\/\/www.hbcvohand.fr\/index.php\/wp-json\/wp\/v2\/comments?post=44"}],"version-history":[{"count":41,"href":"https:\/\/www.hbcvohand.fr\/index.php\/wp-json\/wp\/v2\/pages\/44\/revisions"}],"predecessor-version":[{"id":2177,"href":"https:\/\/www.hbcvohand.fr\/index.php\/wp-json\/wp\/v2\/pages\/44\/revisions\/2177"}],"wp:attachment":[{"href":"https:\/\/www.hbcvohand.fr\/index.php\/wp-json\/wp\/v2\/media?parent=44"}],"curies":[{"name":"wp","href":"https:\/\/api.w.org\/{rel}","templated":true}]}}