{"id":49,"date":"2019-10-16T12:22:27","date_gmt":"2019-10-16T10:22:27","guid":{"rendered":"http:\/\/localhost\/wordpress2p2\/?page_id=49"},"modified":"2025-07-19T14:20:18","modified_gmt":"2025-07-19T12:20:18","slug":"11-garcons","status":"publish","type":"page","link":"https:\/\/www.hbcvohand.fr\/index.php\/11-garcons\/","title":{"rendered":"-11 Gar\u00e7ons (U11G)"},"content":{"rendered":"\n<p><strong>Ann\u00e9e de naissance :<\/strong> <br>2016-2015<\/p>\n\n\n\n<p><strong>Entra\u00eeneurs :<\/strong> <br>Axel Perrey ; Pauline Henault ; Candice Oudart ; Julien Bauquier ; Romane Jacot<\/p>\n\n\n\n<p><strong>Entra\u00eenement :<\/strong> <br><a href=\"https:\/\/www.hbcvohand.fr\/index.php\/planning-des-entrainements\/\" data-type=\"page\" data-id=\"2035\">Planning des entra\u00eenements 2025-2026<\/a><\/p>\n\n\n\n<figure class=\"wp-block-image size-full\"><img loading=\"lazy\" decoding=\"async\" width=\"678\" height=\"25\" src=\"https:\/\/www.hbcvohand.fr\/wp-content\/uploads\/2025\/07\/Contacts_HBCVO.png\" alt=\"\" class=\"wp-image-2160\" srcset=\"https:\/\/www.hbcvohand.fr\/wp-content\/uploads\/2025\/07\/Contacts_HBCVO.png 678w, https:\/\/www.hbcvohand.fr\/wp-content\/uploads\/2025\/07\/Contacts_HBCVO-300x11.png 300w\" sizes=\"auto, (max-width: 678px) 100vw, 678px\" \/><\/figure>\n","protected":false},"excerpt":{"rendered":"<p>Ann\u00e9e de naissance : 2016-2015 Entra\u00eeneurs : Axel Perrey ; Pauline Henault ; Candice Oudart ; Julien Bauquier ; Romane Jacot Entra\u00eenement : Planning des entra\u00eenements 2025-2026<\/p>\n","protected":false},"author":2,"featured_media":0,"parent":0,"menu_order":0,"comment_status":"closed","ping_status":"closed","template":"","meta":{"footnotes":""},"class_list":["post-49","page","type-page","status-publish","hentry"],"_links":{"self":[{"href":"https:\/\/www.hbcvohand.fr\/index.php\/wp-json\/wp\/v2\/pages\/49","targetHints":{"allow":["GET"]}}],"collection":[{"href":"https:\/\/www.hbcvohand.fr\/index.php\/wp-json\/wp\/v2\/pages"}],"about":[{"href":"https:\/\/www.hbcvohand.fr\/index.php\/wp-json\/wp\/v2\/types\/page"}],"author":[{"embeddable":true,"href":"https:\/\/www.hbcvohand.fr\/index.php\/wp-json\/wp\/v2\/users\/2"}],"replies":[{"embeddable":true,"href":"https:\/\/www.hbcvohand.fr\/index.php\/wp-json\/wp\/v2\/comments?post=49"}],"version-history":[{"count":16,"href":"https:\/\/www.hbcvohand.fr\/index.php\/wp-json\/wp\/v2\/pages\/49\/revisions"}],"predecessor-version":[{"id":2163,"href":"https:\/\/www.hbcvohand.fr\/index.php\/wp-json\/wp\/v2\/pages\/49\/revisions\/2163"}],"wp:attachment":[{"href":"https:\/\/www.hbcvohand.fr\/index.php\/wp-json\/wp\/v2\/media?parent=49"}],"curies":[{"name":"wp","href":"https:\/\/api.w.org\/{rel}","templated":true}]}}