{"id":58,"date":"2019-10-16T12:22:27","date_gmt":"2019-10-16T10:22:27","guid":{"rendered":"http:\/\/localhost\/wordpress2p2\/?page_id=58"},"modified":"2025-07-19T14:35:59","modified_gmt":"2025-07-19T12:35:59","slug":"seniors-filles","status":"publish","type":"page","link":"https:\/\/www.hbcvohand.fr\/index.php\/seniors-filles\/","title":{"rendered":"Seniors Filles (SF)"},"content":{"rendered":"\n<p><strong>Ann\u00e9es de naissance :<\/strong><br>A partir de 2007<\/p>\n\n\n\n<p><strong>Entra\u00eeneurs :<\/strong><br>C\u00e9dric Noir ; David Bole Du Chomont ; Fabrice Magier<\/p>\n\n\n\n<p><strong>Entra\u00eenements :<\/strong><br><a href=\"https:\/\/www.hbcvohand.fr\/index.php\/planning-des-entrainements\/\" data-type=\"page\" data-id=\"2035\">Planning des entra\u00eenements 2025-2026<\/a><\/p>\n\n\n\n<figure class=\"wp-block-image size-full is-resized\"><img loading=\"lazy\" decoding=\"async\" width=\"678\" height=\"25\" src=\"https:\/\/www.hbcvohand.fr\/wp-content\/uploads\/2025\/07\/Contacts_HBCVO.png\" alt=\"\" class=\"wp-image-2160\" style=\"width:597px;height:auto\" srcset=\"https:\/\/www.hbcvohand.fr\/wp-content\/uploads\/2025\/07\/Contacts_HBCVO.png 678w, https:\/\/www.hbcvohand.fr\/wp-content\/uploads\/2025\/07\/Contacts_HBCVO-300x11.png 300w\" sizes=\"auto, (max-width: 678px) 100vw, 678px\" \/><\/figure>\n\n\n\n<div style=\"height:40px\" aria-hidden=\"true\" class=\"wp-block-spacer\"><\/div>\n\n\n\n<figure class=\"wp-block-image size-large\"><img loading=\"lazy\" decoding=\"async\" width=\"1024\" height=\"768\" src=\"https:\/\/www.hbcvohand.fr\/wp-content\/uploads\/2024\/09\/seniorfA-1024x768.jpg\" alt=\"\" class=\"wp-image-1915\" srcset=\"https:\/\/www.hbcvohand.fr\/wp-content\/uploads\/2024\/09\/seniorfA-1024x768.jpg 1024w, https:\/\/www.hbcvohand.fr\/wp-content\/uploads\/2024\/09\/seniorfA-300x225.jpg 300w, https:\/\/www.hbcvohand.fr\/wp-content\/uploads\/2024\/09\/seniorfA-768x576.jpg 768w, https:\/\/www.hbcvohand.fr\/wp-content\/uploads\/2024\/09\/seniorfA-1536x1152.jpg 1536w, https:\/\/www.hbcvohand.fr\/wp-content\/uploads\/2024\/09\/seniorfA.jpg 2048w\" sizes=\"auto, (max-width: 1024px) 100vw, 1024px\" \/><\/figure>\n\n\n\n<figure class=\"wp-block-image size-large\"><img loading=\"lazy\" decoding=\"async\" width=\"1024\" height=\"768\" src=\"https:\/\/www.hbcvohand.fr\/wp-content\/uploads\/2024\/09\/seniorfAb-1024x768.jpg\" alt=\"\" class=\"wp-image-1914\" srcset=\"https:\/\/www.hbcvohand.fr\/wp-content\/uploads\/2024\/09\/seniorfAb-1024x768.jpg 1024w, https:\/\/www.hbcvohand.fr\/wp-content\/uploads\/2024\/09\/seniorfAb-300x225.jpg 300w, https:\/\/www.hbcvohand.fr\/wp-content\/uploads\/2024\/09\/seniorfAb-768x576.jpg 768w, https:\/\/www.hbcvohand.fr\/wp-content\/uploads\/2024\/09\/seniorfAb-1536x1152.jpg 1536w, https:\/\/www.hbcvohand.fr\/wp-content\/uploads\/2024\/09\/seniorfAb.jpg 2048w\" sizes=\"auto, (max-width: 1024px) 100vw, 1024px\" \/><\/figure>\n\n\n\n<p><\/p>\n","protected":false},"excerpt":{"rendered":"<p>Ann\u00e9es de naissance :A partir de 2007 Entra\u00eeneurs :C\u00e9dric Noir ; David Bole Du Chomont ; Fabrice Magier Entra\u00eenements :Planning des entra\u00eenements 2025-2026<\/p>\n","protected":false},"author":2,"featured_media":0,"parent":0,"menu_order":0,"comment_status":"closed","ping_status":"closed","template":"","meta":{"footnotes":""},"class_list":["post-58","page","type-page","status-publish","hentry"],"_links":{"self":[{"href":"https:\/\/www.hbcvohand.fr\/index.php\/wp-json\/wp\/v2\/pages\/58","targetHints":{"allow":["GET"]}}],"collection":[{"href":"https:\/\/www.hbcvohand.fr\/index.php\/wp-json\/wp\/v2\/pages"}],"about":[{"href":"https:\/\/www.hbcvohand.fr\/index.php\/wp-json\/wp\/v2\/types\/page"}],"author":[{"embeddable":true,"href":"https:\/\/www.hbcvohand.fr\/index.php\/wp-json\/wp\/v2\/users\/2"}],"replies":[{"embeddable":true,"href":"https:\/\/www.hbcvohand.fr\/index.php\/wp-json\/wp\/v2\/comments?post=58"}],"version-history":[{"count":23,"href":"https:\/\/www.hbcvohand.fr\/index.php\/wp-json\/wp\/v2\/pages\/58\/revisions"}],"predecessor-version":[{"id":2180,"href":"https:\/\/www.hbcvohand.fr\/index.php\/wp-json\/wp\/v2\/pages\/58\/revisions\/2180"}],"wp:attachment":[{"href":"https:\/\/www.hbcvohand.fr\/index.php\/wp-json\/wp\/v2\/media?parent=58"}],"curies":[{"name":"wp","href":"https:\/\/api.w.org\/{rel}","templated":true}]}}